
26
Let c be (-10)/(1 - (-225)/(-222)). Suppose 0*u = -3*u + 4*m + 439, c = 5*u - 5*m. Suppose u = 12*q - 9*q. What is the highest common divisor of q and 17?
17
Suppose 352 = -32*w + 36*w. Suppose 2*l = -6*l + w. What is the greatest common factor of 110 and l?
11
Suppose 32*a = 27*a + 225. Calculate the highest common divisor of a and 45.
45
Let j(n) = -2*n**3 - 6*n**2 + 15*n. Let k be j(-7). What is the highest common factor of 7 and k?
7
Suppose -j - o + 4*o = -21, 5*o = -j - 11. Let m = j + -8. What is the highest common factor of m and 10?
1
Suppose -6*t + t + 60 = 0. Suppose 4*y = 4*n - 144, -4*n - 4*y + 183 = 55. Suppose -f = -n - 2. What is the greatest common factor of t and f?
12
Let g be (-4828)/(-18) - (-18)/(-81). Suppose -4*k - l - 379 = -8*k, -3*k + 4*l + g = 0. Calculate the greatest common factor of k and 32.
32
Let b(z) = -15*z - 1. Let d be b(-2). Suppose -6 = -21*p + 18*p. Suppose p*m - 3 = d. Calculate the greatest common factor of m and 24.
8
Let i be ((-54)/63)/(1*(-1)/7). Suppose -i*f + 70 = -5*f. What is the greatest common factor of f and 35?
35
Let g be (-325)/(-26) + (-3)/2. Let d be 10*3/(-9)*-3. Suppose d = 2*u, 5*u = k + 3*k - 19. What is the highest common divisor of k and g?
11
Let p(r) = 40*r**2 + 46*r - 176. Let l be p(4). Calculate the greatest common divisor of 72 and l.
72
Suppose -2*y - 4 = 5*z, 14*y - 17*y + 44 = -5*z. What is the highest common divisor of 1008 and y?
8
Suppose -38*j + 40*j = 448. Calculate the highest common divisor of 32 and j.
32
Let r = 735 - 480. What is the highest common factor of r and 170?
85
Let b(y) = 6 + 33*y**3 - 31*y**3 + 2*y**2 - 3. Let s be b(3). What is the highest common divisor of s and 15?
15
Suppose 9*s - 5*s = 16. Suppose 2*t + s*q - q + 8 = 0, -3*t + 2*q + 14 = 0. Calculate the greatest common factor of 10 and t.
2
Let m(q) = q**3 - 9*q**2 + 4*q - 31. Let r be m(9). Suppose -57 + 92 = r*x. What is the highest common divisor of 56 and x?
7
Suppose -2*y - 8 + 198 = 0. Suppose -2*f - 16 = -3*o - 42, -5*o + 58 = 2*f. Calculate the greatest common factor of f and y.
19
Let y be (-3*19)/(-1) + 2. Let k = y + -55. What is the highest common divisor of 4 and k?
4
Let n be (1 - 9/(-12))/(2/48). Suppose -3*v = 4*l - 26, v = -2*l + 1 + 9. Calculate the highest common divisor of n and v.
6
Let n be ((-198)/(-15))/(4 - (-36)/(-10)). Calculate the highest common divisor of 363 and n.
33
Let v(h) = -3*h - 14. Let i be v(3). Let f = -19 - i. Calculate the greatest common divisor of f and 28.
4
Let o(c) = c**3 + 14*c**2 + 2. Let w be o(-14). Suppose m = w*m - 1. Suppose -5*k - m = h - 5, h = 3*k + 20. What is the highest common factor of 21 and h?
7
Let o be (-81)/((-81)/(-9)) + 27. Calculate the greatest common factor of o and 62.
2
Suppose 234*f - 231*f = -2451. Let i = f + 1312. What is the highest common divisor of i and 45?
45
Suppose 4*x + 21 = 37. Let j be 1 + x + (6/(-2))/(-1). What is the greatest common divisor of 2 and j?
2
Let c(a) = a**3 - 7*a**2 - 10*a + 16. Let t be c(8). Suppose t*m - m + 5*w = -48, 0 = 4*w + 12. What is the greatest common divisor of m and 264?
33
Suppose 10 = 5*b - 0. Suppose 2*g + 3 = 4*a + 7, b*a + 8 = 4*g. Let c be 73 + g/(-1)*-1. What is the highest common factor of 25 and c?
25
Suppose 65 = 3*h + u, 3*u = 2*h + 2*u - 40. Suppose -2*k + 76 = 2*r + 4, -136 = -4*r + 4*k. Calculate the highest common factor of r and h.
7
Let r = -240 - -250. Calculate the highest common factor of 320 and r.
10
Let j(s) = -8*s + 4. Suppose 12 = -5*r + 2. Let d be j(r). Suppose 5*w = 4*y + 192, 6*w + 4*y - 208 = w. What is the highest common factor of d and w?
20
Let v(i) = -91*i - 1. Let u be v(-1). Let k be (-44)/(-10) - 20/50. Suppose 0 = k*s + 15 - 55. What is the highest common divisor of s and u?
10
Let f(j) = -j + 6. Let s be f(2). Let z be s/(-6) + 23/3. What is the greatest common factor of 49 and z?
7
Let y(x) = 3*x**2 + 16*x - 325. Let n be y(-32). Calculate the greatest common divisor of n and 15.
15
Let x be 6/(-6) - (-3 - -13). Let m be (x/5 - 1)*-10. Calculate the greatest common factor of 16 and m.
16
Let a = -36 - -39. Let c be a - (12/(-30) + 8/(-5)). Calculate the greatest common divisor of 55 and c.
5
Let f(a) = -a**3 - 20*a**2 - 19*a. Let x be f(-19). Suppose n + 28 - 90 = x. What is the highest common divisor of n and 93?
31
Suppose 40 = 22*q - 334. What is the highest common divisor of q and 17?
17
Let r be 24 + -20 - 26/(-2)*2. What is the greatest common factor of r and 180?
30
Let h(o) = -o**2 + 4*o - 6. Let f be h(4). Let j = 25 + f. Suppose 62 = 9*w - 109. What is the greatest common divisor of j and w?
19
Suppose -199*k = -190*k - 405. Calculate the greatest common divisor of 207 and k.
9
Suppose 102*k = 85*k + 612. What is the highest common factor of 180 and k?
36
Suppose 4*j = 3*o - 83, -3*j - 26 = -o - 0*j. Calculate the highest common factor of 203 and o.
29
Let j be (18/9)/(1/1). Let b be j/14 + (-189)/(-49). Suppose b*l - r = 68, -l - 3*l - 2*r = -56. Calculate the greatest common factor of l and 144.
16
Suppose -3*y + 23 = m - 2*y, -m + 32 = -2*y. Suppose 3*f + m = -4*t, -t = -4*t - 15. Let z be (-2 - -2 - f)*45. Calculate the highest common factor of 10 and z.
10
Let j be -1 - (-16)/(-6)*-6. Suppose -3*d - 15 = 0, -2*v - 100 = -5*v + 2*d. Calculate the greatest common factor of v and j.
15
Let u = -1035 + 1341. What is the greatest common divisor of u and 6?
6
Let f be (0 - -10) + (53 - 24). Calculate the highest common factor of 637 and f.
13
Suppose -319*x + 1960 = -312*x. Calculate the greatest common factor of x and 175.
35
Let w = -234 + 308. What is the greatest common divisor of w and 74?
74
Suppose 0 = f - 5, 37*n - 270 = 32*n + 4*f. Calculate the highest common factor of 638 and n.
58
Suppose -3*k = 4*u - 24, 36 + 3 = 2*k - 5*u. Calculate the highest common factor of k and 102.
6
Suppose m + 3*u = 22, u = 4*m + 3*u - 58. Let z(w) = 21*w + 12. Let v be z(5). What is the highest common divisor of m and v?
13
Let m be ((-6)/4)/((-18)/84). Suppose m*y + 20 = 11*y. Suppose -y*q + 148 = -52. Calculate the greatest common factor of q and 100.
20
Let f(w) = -3*w + 14. Let k be f(8). Let j = -6 - k. Suppose -j*h + 150 = -h. What is the highest common divisor of 10 and h?
10
Let k be (-389)/(-1) + (-4)/(32/40). What is the greatest common factor of 6 and k?
6
Let u be ((-4)/(-10))/(-1)*-5. Let h(q) = q**3 - 3*q - 1. Let w be h(-1). Let c be 8*(1/4)/w. What is the highest common divisor of c and u?
2
Let s be 23 + -14 + -2*1. Let x(f) = 8*f - 26. Let w be x(s). Calculate the greatest common factor of 20 and w.
10
Suppose 2*a + 17 = r, 3*a + 25 + 38 = 4*r. Suppose 5*q = 5*z + 825, 3*z - 51 + 381 = 2*q. What is the highest common divisor of q and r?
15
Let v(t) = t**3 + 9*t**2 + 10*t + 18. Let c be v(-8). Suppose 4*f + 54 = c*f. Let n be f/5*40/(-12). Calculate the greatest common divisor of n and 45.
9
Let s be 256/12 - (-3)/(-9). Suppose -2*j = 39 + s. Let o be 36*9/((-81)/j). What is the greatest common factor of 15 and o?
15
Let b = 172 - 151. Calculate the greatest common divisor of 357 and b.
21
Let n be (-8)/(-2) + -3 - 1. Suppose n = -4*a + 12, -a - 57 = -z + a. Calculate the highest common divisor of z and 9.
9
Let d = -520 - -975. Calculate the greatest common factor of 35 and d.
35
Suppose 11*f - 1620 = -4*f. What is the greatest common factor of 252 and f?
36
Let v(z) = -15*z**2 - 2*z - z**2 + z**3 + 8 + 4*z. Let j be v(16). Let r be (-2 + 3 - -14) + 1. What is the greatest common divisor of j and r?
8
Let j = 1098 - 858. What is the greatest common factor of 48 and j?
48
Suppose 2*j + s + 2 = 236, 0 = 3*j + 2*s - 352. What is the greatest common divisor of 8 and j?
4
Let m be 22/154 - 124/(-14). Let z(p) = 2*p - 1. Let y be z(m). Suppose -3*d = -y - 7. Calculate the highest common divisor of d and 88.
8
Suppose 0 = -m - 4*g - 20, -4*g = 3*m - 3*g + 16. Let o be m/(64/(-372)) + (-2)/8. Calculate the greatest common factor of o and 23.
23
Suppose -3*b = -2*d - 5, b + 4 = 6*b + d. Let g be 1/b*10*1. Let l(v) = v - 1. Let w be l(g). Calculate the highest common factor of w and 9.
9
Suppose -4*h = y - 1919, -2*y + 1895 = -y - 2*h. Calculate the greatest common divisor of y and 11.
11
Suppose 0 = -14*u + 15*u - 6. Let 